nder when 36958 is divided by 49.
12
Calculate the remainder when 5282 is divided by 221.
199
Calculate the remainder when 5861 is divided by 389.
26
Calculate the remainder when 10747 is divided by 3579.
10
What is the remainder when 7998 is divided by 53?
48
Calculate the remainder when 195953 is divided by 568.
561
What is the remainder when 9202 is divided by 4555?
92
What is the remainder when 579 is divided by 194?
191
Calculate the remainder when 450 is divided by 112.
2
What is the remainder when 4834 is divided by 156?
154
What is the remainder when 321567 is divided by 104?
103
What is the remainder when 22903 is divided by 8?
7
What is the remainder when 3098 is divided by 120?
98
What is the remainder when 9515 is divided by 13?
12
What is the remainder when 87132 is divided by 24?
12
Calculate the remainder when 11484 is divided by 11452.
32
What is the remainder when 1672326 is divided by 836162?
2
Calculate the remainder when 914 is divided by 49.
32
Calculate the remainder when 7395 is divided by 82.
15
Calculate the remainder when 9693 is divided by 1202.
77
Calculate the remainder when 4019 is divided by 320.
179
What is the remainder when 628 is divided by 79?
75
What is the remainder when 575273 is divided by 191752?
17
Calculate the remainder when 216972 is divided by 691.
689
Calculate the remainder when 10436 is divided by 1366.
874
Calculate the remainder when 426114 is divided by 307.
305
What is the remainder when 15465 is divided by 1712?
57
What is the remainder when 27907 is divided by 998?
961
Calculate the remainder when 54420 is divided by 270.
150
Calculate the remainder when 1241 is divided by 189.
107
Calculate the remainder when 1081315 is divided by 1081308.
7
Calculate the remainder when 75357 is divided by 1142.
1127
What is the remainder when 39581 is divided by 2633?
86
What is the remainder when 14524 is divided by 456?
388
Calculate the remainder when 73178 is divided by 739.
17
What is the remainder when 225042 is divided by 301?
195
What is the remainder when 151421 is divided by 66?
17
Calculate the remainder when 1101596 is divided by 240.
236
What is the remainder when 6092 is divided by 2008?
68
Calculate the remainder when 358 is divided by 337.
21
Calculate the remainder when 121358 is divided by 410.
408
What is the remainder when 16427 is divided by 113?
42
What is the remainder when 4384 is divided by 490?
464
What is the remainder when 610747 is divided by 50?
47
Calculate the remainder when 284478 is divided by 79.
78
What is the remainder when 2773 is divided by 43?
21
What is the remainder when 13723 is divided by 459?
412
What is the remainder when 5042 is divided by 5014?
28
Calculate the remainder when 2108 is divided by 2093.
15
Calculate the remainder when 28384 is divided by 1776.
1744
Calculate the remainder when 1664640 is divided by 1481.
1477
What is the remainder when 54784 is divided by 898?
6
What is the remainder when 21035 is divided by 725?
10
What is the remainder when 199489 is divided by 18?
13
What is the remainder when 35102 is divided by 1003?
1000
Calculate the remainder when 123505 is divided by 260.
5
What is the remainder when 1680 is divided by 114?
84
What is the remainder when 112474 is divided by 206?
204
Calculate the remainder when 167862 is divided by 24.
6
Calculate the remainder when 61531 is divided by 1926.
1825
What is the remainder when 692 is divided by 56?
20
Calculate the remainder when 2099 is divided by 24.
11
Calculate the remainder when 24525 is divided by 908.
9
What is the remainder when 10756 is divided by 685?
481
Calculate the remainder when 3135 is divided by 3111.
24
Calculate the remainder when 1362939 is divided by 87.
84
What is the remainder when 25977 is divided by 238?
35
What is the remainder when 137016 is divided by 419?
3
Calculate the remainder when 6605 is divided by 27.
17
What is the remainder when 43243 is divided by 109?
79
What is the remainder when 355550 is divided by 71?
53
What is the remainder when 22900 is divided by 11450?
0
Calculate the remainder when 2258 is divided by 206.
198
Calculate the remainder when 87455 is divided by 312.
95
What is the remainder when 123 is divided by 78?
45
What is the remainder when 68923 is divided by 657?
595
What is the remainder when 274572 is divided by 175?
172
What is the remainder when 10352 is divided by 858?
56
What is the remainder when 213 is divided by 131?
82
Calculate the remainder when 10635 is divided by 427.
387
Calculate the remainder when 110532 is divided by 2834.
6
Calculate the remainder when 161458 is divided by 345.
343
What is the remainder when 747 is divided by 711?
36
Calculate the remainder when 55056 is divided by 353.
341
What is the remainder when 950 is divided by 71?
27
Calculate the remainder when 17797 is divided by 128.
5
What is the remainder when 62685 is divided by 118?
27
What is the remainder when 7099 is divided by 2344?
67
Calculate the remainder when 3679 is divided by 526.
523
What is the remainder when 3028 is divided by 503?
10
What is the remainder when 38097 is divided by 952?
17
Calculate the remainder when 365 is divided by 19.
4
Calculate the remainder when 21787 is divided by 18.
7
Calculate the remainder when 99505 is divided by 33161.
22
Calculate the remainder when 230289 is divided by 700.
689
What is the remainder when 243686 is divided by 367?
365
What is the remainder when 3539 is divided by 1134?
137
Calculate the remainder when 10007 is divided by 204.
11
Calculate the remainder when 928 is divided by 290.
58
Calculate the remainder when 1357 is divided by 343.
328
Calculate the remainder when 6481 is divided by 230.
41
Calculate the remainder when 9907 is divided by 27.
25
What is the remainder when 22353 is divided by 127?
1
Calculate the remainder when 3189 is divided by 288.
21
Calculate the remainder when 577 is divided by 331.
246
Calculate the remainder when 37544 is divided by 209.
133
Calculate the remainder when 12025 is divided by 11907.
118
What is the remainder when 6834 is divided by 325?
9
Calculate the remainder when 227949 is divided by 39.
33
Calculate the remainder when 10344 is divided by 246.
12
Calculate the remainder when 28805 is divided by 269.
22
What is the remainder when 3517 is divided by 397?
341
Calculate the remainder when 185113 is divided by 13.
6
Calculate the remainder when 80119 is divided by 29.
21
What is the remainder when 239187 is divided by 34?
31
What is the remainder when 480926 is divided by 226?
224
Calculate the remainder when 629583 is divided by 314786.
11
What is the remainder when 29619 is divided by 23?
18
What is the remainder when 15160 is divided by 1274?
1146
Calculate the remainder when 9316 is divided by 3101.
13
Calculate the remainder when 1769 is divided by 193.
32
What is the remainder when 181163 is divided by 62?
61
Calculate the remainder when 78893 is divided by 16.
13
Calculate the remainder when 5641 is divided by 14.
13
What is the remainder when 260168 is divided by 86719?
11
Calculate the remainder when 38600 is divided by 1102.
30
What is the remainder when 1156 is divided by 231?
1
What is the remainder when 12371 is divided by 119?
114
Calculate the remainder when 2801 is divided by 21.
8
What is the remainder when 25582 is divided by 77?
18
What is the remainder when 89387 is divided by 21?
11
What is the remainder when 130464 is divided by 13?
9
What is the remainder when 70780 is divided by 86?
2
Calculate the remainder when 10227 is divided by 3.
0
What is the remainder when 343173 is divided by 53?
51
What is the remainder when 167251 is divided by 2?
1
What is the remainder when 192213 is divided by 7688?
13
What is the remainder when 94882 is divided by 2206?
24
Calculate the remainder when 63380 is divided by 406.
44
What is the remainder when 6178072 is divided by 1991?
1990
What is the remainder when 32141 is divided by 51?
11
What is the remainder when 21628 is divided by 8?
4
Calculate the remainder when 17989 is divided by 8984.
21
What is the remainder when 18127 is divided by 195?
187
What is the remainder when 68291 is divided by 1551?
47
What is the remainder when 13671 is divided by 106?
103
What is the remainder when 73